 -182 + 346. Suppose b + 3*b - w = 0. Calculate the remainder when b is divided by 16 + 8/(-32)*28.
5
Suppose -p = 0, -y - 2 = -3*p - 6. Let s be 1*-2 + (-7)/((-14)/y). Suppose s = -4*r + 79 + 317. Calculate the remainder when r is divided by 34.
31
Suppose y - 6481 - 1545 = 5*z, -4*z - 24 = 0. Calculate the remainder when y is divided by 80.
76
Let g = -3195 + 3631. What is the remainder when g is divided by 10?
6
Let v(b) = 6*b. Let d = -241175 - -241178. Calculate the remainder when v(6) is divided by d.
0
Suppose 3*g - 2*b + 5*b - 15 = 0, 4*g - 27 = 3*b. What is the remainder when ((-291)/g)/(-3*(-6)/(-36)) is divided by 14?
13
Suppose -12 - 60 = 244*w - 246*w. Let a = 343 - -52. Calculate the remainder when a is divided by w.
35
Let w(x) = -57*x - 4632. Calculate the remainder when w(-83) is divided by 21.
15
Let y(t) = t**2 - 6*t + 9. Let n be y(3). Suppose 4*m - 9*m - 65 = n. Let o = 22 - m. Calculate the remainder when o is divided by 12.
11
Let a(s) = 4*s**2 + 3*s + 4. Let o be a(-3). Suppose -636*r + 13141 = 137*r. Calculate the remainder when o - 1/(-4 + 3) is divided by r.
15
Suppose 5*h + 4*a - 78 = 0, -5*h + 98 = -a + 30. Let p = -186 - -189. Suppose 0 = p*s - 9*s + 30. What is the remainder when h is divided by s?
4
Suppose 0 = -13*x + 4238 - 3824 + 6489. Calculate the remainder when x is divided by 411.
120
Suppose h + 2*l = 207 + 1205, -7060 = -5*h - 5*l. Calculate the remainder when h is divided by 1407.
5
Let q = -10 + 10. Suppose -5*n - 91 = 4*f + 200, 3*f + n + 210 = q. What is the remainder when 90 is divided by ((-6)/(-9))/(2/f)*-2?
44
Let z = 818 - 790. Calculate the remainder when 165 is divided by z.
25
Suppose -213*s = -214*s + 514. Let u = 781 - s. Calculate the remainder when u is divided by 15.
12
Let s(z) = -3*z**2 - 45*z + 40. Calculate the remainder when 901 is divided by s(-14).
81
Calculate the remainder when ((-3360)/(-960))/(14/164) is divided by 28 + (-1)/(0 + 1).
14
Suppose g - 1458 = 4*m, -5*m - g - 1070 = 757. Let o = -28 - m. What is the remainder when o is divided by 17?
14
Let x = 9923 - 9864. Calculate the remainder when 1355 is divided by x.
57
Let j = 257 + -447. Let o = -162 - j. What is the remainder when o is divided by 9?
1
Let x(m) = -m**3 + 27*m**2 - m + 32. Let r be x(27). Suppose a - 32 - 33 = -2*h, r*a = 15. What is the remainder when h is divided by 13?
5
Suppose 2*x - v = 468, 13*x = 8*x - 4*v + 1170. What is the remainder when 509 is divided by x?
41
Suppose 0 = -3*t - 227 + 38. Let c = t + 80. What is the remainder when 32 is divided by c?
15
Let n(g) = 16*g + 67. Let q be n(-18). Let d = q - -336. What is the remainder when d is divided by 62?
53
Let u(w) = -w**3 + w**2 + w - 2. Let k(o) = 13*o**3 - 20*o**2 - 18*o + 3. Let r(x) = -k(x) - 6*u(x). What is the remainder when r(-5) is divided by 12?
10
Suppose a - 4*a = s - 13, a - 4*s - 26 = 0. Suppose 96 = -a*y + 180. What is the remainder when 32 is divided by y?
4
Suppose 18*l = 17*l - 196. Let h be ((-1)/1)/((20/l)/5). Let r = -48 + h. What is the remainder when 4 is divided by r?
0
Let q = -25 - -23. Let b be 4*2/16 - 1/q. Calculate the remainder when 48 is divided by 17 + -4*b/(-4).
12
Let p = -1171 - -1192. Let i(j) = j**2 - 6*j - 6. Let f be i(8). Let y = f + 50. Calculate the remainder when y is divided by p.
18
Let n = 17 - -107. Suppose -b = 2*y - 6, 3*b + 50*y - 50 = 52*y. Calculate the remainder when n is divided by b.
12
Suppose 3*k + a - 9 = 732, 5*a + 443 = 2*k. What is the remainder when k is divided by 132?
112
Suppose 259 + 23 = 4*p - 14*h, 3*h = -2*p + 351. Let w(t) = 41*t**2. Calculate the remainder when p is divided by w(1).
21
Let o = -12 - 19. Suppose -5*s + 0*s - 215 = 0. Let d = o - s. Calculate the remainder when d is divided by 3.
0
Let q = 8114 + -8010. What is the remainder when q is divided by 23?
12
Let k = 68 + -41. Let c = -34 - -34. Let j(z) = -2*z + 5. What is the remainder when k is divided by j(c)?
2
Let o(h) = -h**3 - 8*h**2 - 10*h - 11. Let d = -92 + 84. Calculate the remainder when o(d) is divided by 10.
9
Suppose 1960 = a + 2361. What is the remainder when a*(-7 + -2)/9 is divided by 101?
98
Suppose 4*s = -16*s + 74*s - 216. Calculate the remainder when 40 is divided by s.
0
Let g = 137 - 104. Suppose 3*h = -i + 12, 0 = i + 4*h + 1 - 8. Let j = g - i. Calculate the remainder when 41 is divided by j.
5
Suppose 16*w - 542 = -94. Suppose 20 = -w*r + 38*r. Calculate the remainder when 4 is divided by r.
0
Let z(k) = -46*k + 10. Let w be z(-3). Suppose -5*s - w = -1953. Calculate the remainder when s is divided by 52.
49
Let u = -52 + 53. Let s(k) = -k**2 - 14*k + 7. What is the remainder when s(-11) is divided by (u/(-3))/((-4)/(-4))*-33?
7
Suppose -k - 55 = -q + 66, 0 = -3*q - k + 347. What is the remainder when q is divided by 9?
0
Suppose -f = 2*f - 108. Suppose 5*l = 2*v + 635, 7*l + 4*v = 8*l - 145. What is the remainder when l is divided by f?
17
Let j(c) = -c - 14. Let s(i) = -4*i - 55. Let t be 4/18 + (-1372)/(-63). Let g(w) = t*j(w) - 6*s(w). Calculate the remainder when 36 is divided by g(-7).
4
Let v = 7183 - 7023. Calculate the remainder when v is divided by 56.
48
Let b = 2528 - 2508. Calculate the remainder when 797 is divided by b.
17
Let x be 7*(13/(-7) - -2). Let l be ((-1)/(-5) + (-57)/(-15))/x. Suppose -t = l, -89 = -5*v - 5*t + t. Calculate the remainder when 82 is divided by v.
19
Suppose 13*x - 5974 + 5545 = 0. Calculate the remainder when 755 is divided by x.
29
Let v(t) = 9 - 2 + t**2 + 2. Suppose -3*g + 3*j = -111, -182*g + 179*g + 2*j + 100 = 0. What is the remainder when g is divided by v(0)?
8
Suppose -178*w + 372*w - 1400 = 174*w. Calculate the remainder when 1420 is divided by w.
20
Let t be 2 - (-82)/(-1)*1. Let n = t + 167. Calculate the remainder when n is divided by 20.
7
Let w(a) = 4512*a - 4417. Suppose -2 - 2 = 2*m. What is the remainder when w(1) is divided by 3/6*(26 - m)?
11
Suppose 76*x + 2310 = -136*x + 43862. Calculate the remainder when 956 is divided by x.
172
Let c(w) = w + 85. Let k be c(0). Suppose -2*h - q + 19 = 0, k = 5*h - 6*q + q. What is the remainder when (32 + (-696)/20)*-20 is divided by h?
8
Let q(d) = -d + 18. Suppose 0 = t - 68 + 48. Calculate the remainder when t is divided by q(7).
9
Let j = 102 + -105. Let h be (1/2)/(j/(-720)). Let o = h - 79. Calculate the remainder when 162 is divided by o.
39
Suppose 4 = 2*b, -5*j + 4 = -3*j - 3*b. Suppose 17605*k - 17598*k = 1036. What is the remainder when k is divided by j?
3
Suppose -29*q = -21*q - 35 - 781. What is the remainder when 350 is divided by q?
44
Let v(p) = p**3 + 51*p**2 + 90*p - 73. Calculate the remainder when v(-49) is divided by 5.
4
Let n(w) = 13*w - 2*w**3 - 9*w**2 + 31 - 19 + 3*w**3. Let a be n(7). What is the remainder when 40 + (0/(-1))/a is divided by 12?
4
Let j = -5836 - -5872. What is the remainder when 1122 is divided by j?
6
Let y(m) = 2*m**2 + m + 2. Let c be y(-2). Suppose h = 6 - c. Calculate the remainder when 23 is divided by (3/9)/(h/(-78)).
10
Let n = 1 + 4. Suppose 5*k - 223 = -4*r, -5*r - 124 + n = -3*k. Suppose 0 = -81*o + 360 + 855. Calculate the remainder when k is divided by o.
13
Let g = 432 - 292. Suppose -l - 5*y + 38 = 0, -3*y = -0*l - 2*l + 102. Calculate the remainder when g is divided by 2/((-1)/3 - (-22)/l).
12
Let o be 10/(-2) - 66/(-11). What is the remainder when 3*(-2 + 1) - (-252 - o) is divided by 9?
7
Let j = -107 - -109. What is the remainder when 20 is divided by j*(-6)/(-96) + (-15)/(-8)?
0
Let p = -8136 - -8724. Calculate the remainder when p is divided by 104.
68
Suppose -7428*d + 510 = -7413*d. Calculate the remainder when 4961 is divided by d.
31
Suppose 0 = 355*h - 473*h + 2360. What is the remainder when 1342 is divided by h?
2
Let d = 121 + -74. Let h = d - 39. Suppose h = 2*r - 30. What is the remainder when 37 is divided by r?
18
Let p = 79 - 13. Let t(j) = -2*j**3 - 61*j**2 + 30*j - 35. Let r be t(-31). What is the remainder when p is divided by -3*(r/(-8) - (-296)/(-48))?
15
Suppose 36 = l + y, 204 = 5*l + 18*y - 21*y. Calculate the remainder when 150 is divided by l + 2*3*(-3)/18.
36
Suppose -3*x - 55 = -5*c, 0 = 2*c - x - 339 + 316. Calculate the remainder when 3524 is divided by c.
10
Let x = 553 + -503. Suppose -32*f +